388058437?
8
What is the hundred millions digit of 671427715?
6
What is the tens digit of 2028955013?
1
What is the ten thousands digit of 351443070?
4
What is the hundreds digit of 83700561?
5
What is the hundred thousands digit of 68287919?
2
What is the thousands digit of 105417140?
7
What is the hundred millions digit of 1112572653?
1
What is the units digit of 1080660115?
5
What is the thousands digit of 60109843?
9
What is the units digit of 131438440?
0
What is the hundred thousands digit of 27305005?
3
What is the billions digit of 1430826596?
1
What is the thousands digit of 1565625139?
5
What is the ten thousands digit of 55983016?
8
What is the ten thousands digit of 8022113?
2
What is the ten thousands digit of 602219516?
1
What is the ten millions digit of 20683447?
2
What is the millions digit of 550245377?
0
What is the units digit of 25079907?
7
What is the billions digit of 1784048066?
1
What is the units digit of 1365848?
8
What is the hundred thousands digit of 26701734?
7
What is the ten thousands digit of 5617127142?
2
What is the thousands digit of 658847325?
7
What is the hundreds digit of 42785723?
7
What is the hundred thousands digit of 764648234?
6
What is the millions digit of 1293577956?
3
What is the ten millions digit of 15611623?
1
What is the hundred thousands digit of 32982763?
9
What is the ten millions digit of 551241446?
5
What is the hundred thousands digit of 1341423706?
4
What is the hundred thousands digit of 379971351?
9
What is the tens digit of 106726482?
8
What is the tens digit of 88683611?
1
What is the ten thousands digit of 759933780?
3
What is the units digit of 1014705912?
2
What is the tens digit of 712963903?
0
What is the hundreds digit of 2736398?
3
What is the hundred millions digit of 432573948?
4
What is the billions digit of 8358465913?
8
What is the ten millions digit of 24692404?
2
What is the billions digit of 5965858554?
5
What is the hundreds digit of 174847229?
2
What is the billions digit of 7255122236?
7
What is the thousands digit of 2236409454?
9
What is the hundreds digit of 11219167?
1
What is the units digit of 240381365?
5
What is the ten millions digit of 403114628?
0
What is the billions digit of 2084246333?
2
What is the ten thousands digit of 514295687?
9
What is the units digit of 1824213476?
6
What is the tens digit of 54425069?
6
What is the hundreds digit of 701302700?
7
What is the units digit of 51049321?
1
What is the millions digit of 45016848?
5
What is the hundred millions digit of 942922996?
9
What is the millions digit of 25572052?
5
What is the hundred millions digit of 230025005?
2
What is the tens digit of 390233790?
9
What is the hundreds digit of 2167724791?
7
What is the ten millions digit of 46390991?
4
What is the ten thousands digit of 823031337?
3
What is the millions digit of 42465435?
2
What is the ten thousands digit of 7806539?
0
What is the hundreds digit of 286637990?
9
What is the tens digit of 151136433?
3
What is the hundred thousands digit of 2936820?
9
What is the units digit of 293578642?
2
What is the tens digit of 1379822427?
2
What is the ten millions digit of 635638353?
3
What is the billions digit of 1934714784?
1
What is the thousands digit of 1010647789?
7
What is the ten millions digit of 23450704?
2
What is the hundred thousands digit of 105284923?
2
What is the thousands digit of 114983950?
3
What is the thousands digit of 18335551?
5
What is the thousands digit of 604283074?
3
What is the ten millions digit of 181563563?
8
What is the hundreds digit of 70389153?
1
What is the ten thousands digit of 111468185?
6
What is the units digit of 297388118?
8
What is the ten millions digit of 215805759?
1
What is the hundred thousands digit of 374769599?
7
What is the millions digit of 2313876189?
3
What is the hundreds digit of 34888900?
9
What is the millions digit of 34320638?
4
What is the ten thousands digit of 7900185154?
8
What is the ten thousands digit of 6857272?
5
What is the hundred thousands digit of 69738705?
7
What is the millions digit of 1584672357?
4
What is the hundreds digit of 280390910?
9
What is the thousands digit of 993231529?
1
What is the units digit of 53760585?
5
What is the units digit of 1210518581?
1
What is the hundred thousands digit of 210391528?
3
What is the hundreds digit of 133929292?
2
What is the hundreds digit of 8725226?
2
What is the hundred millions digit of 428907371?
4
What is the hundred thousands digit of 7138455?
1
What is the hundred thousands digit of 1347815193?
8
What is the ten thousands digit of 627144906?
4
What is the units digit of 16503507?
7
What is the ten thousands digit of 97894438?
9
What is the millions digit of 41029515?
1
What is the ten thousands digit of 514078718?
7
What is the millions digit of 386669618?
6
What is the ten millions digit of 419104844?
1
What is the hundred millions digit of 243539899?
2
What is the thousands digit of 645818017?
8
What is the hundreds digit of 1474902358?
3
What is the hundred thousands digit of 83695758?
6
What is the ten thousands digit of 545771370?
7
What is the hundred millions digit of 684223144?
6
What is the millions digit of 137408987?
7
What is the tens digit of 1789891349?
4
What is the units digit of 19082600?
0
What is the units digit of 1078214539?
9
What is the millions digit of 614753553?
4
What is the ten thousands digit of 1300656827?
5
What is the hundred millions digit of 136349807?
1
What is the tens digit of 1086477083?
8
What is the tens digit of 1559424387?
8
What is the hundreds digit of 75208338?
3
What is the ten millions digit of 85507224?
8
What is the thousands digit of 819608763?
8
What is the hundreds digit of 37512575?
5
What is the millions digit of 565283196?
5
What is the hundred thousands digit of 217323448?
3
What is the units digit of 59419156?
6
What is the thousands digit of 3103064302?
4
What is the thousands digit of 490199444?
9
What is the thousands digit of 1137426944?
6
What is the hundreds digit of 689419732?
7
What is the hundreds digit of 792890?
8
What is the thousands digit of 262575436?
5
What is the tens digit of 186486241?
4
What is the millions digit of 6694648595?
4
What is the units digit of 45265563?
3
What is the hundred thousands digit of 1198422654?
4
What is the thousands digit of 7347553?
7
What is the thousands digit of 631910208?
0
What is the millions digit of 3117530?
3
What is the units digit of 3413437?
7
What is the hundred thousands digit of 35042386?
0
What is the millions digit of 49951255?
9
What is the hundreds digit of 716320021?
0
What is the tens digit of 135313822?
2
What is the units digit of 407686154?
4
What is the units digit of 301437603?
3
What is the billions digit of 4743789162?
4
What is the units digit of 1058664637?
7
What is the hundred thousands digit of 46590435?
5
What is the tens digit of 282506221?
2
What is the hundred millions digit of 427907646?
4
What is the tens digit of 412903665?
6
What is the ten millions digit of 274489463?
7
What is the tens digit of 6083922714?
1
What is the millions digit of 2174006827?
4
What is the units digit of 3333978929?
9
What is the hundred thousands digit of 1366329789?
3
What is the units digit of 197579272?
2
What is the thousands digit of 20511300?
1
What is the ten millions digit of 4557191994?
5
What is the tens digit of 2748835014?
1
What is the units digit of 64141165?
5
What is the ten millions digit of 971461071?
7
What is the millions digit of 521167011?
1
What is the thousands digit of 960861326?
1
What is the millions digit of 961166051?
1
What is the ten thousands digit of 1093757?
9
What is the units digit of 13760614?
4
What is the ten thousands digit of 426714583?
1
What is the ten thousands digit of 279549140?
4
What is the tens digit of 1873227264?
6
What is the hundred thousands digit of 290571501?
5
What is the thousands digit of 89005324?
5
What is the ten millions digit of 14434489?
1
What is the hundreds digit of 24860584?
5
What is the ten millions digit of 100700549?
0
What is the hundreds digit of 35499238?
2
What is the thousands digit of 2348360781?
0
What is the hundred millions digit of 559762560?
5
What is the ten thousands digit of 152174263?
7
What is the tens